84, 233 + 302 = -3*p + 4*r. Let c = p - -258. What are the prime factors of c?
5, 17
Let k(f) = f**2 + 3*f + 5. Suppose -19 = 5*v - 4*w - 0*w, -3*v - 5 = 4*w. Let m be k(v). Suppose -h - 264 = -m*h. List the prime factors of h.
2, 3, 11
Suppose 0*j + 16*j - 64 = 0. Suppose -j*o = m - 888, m + m = 3*o + 1809. List the prime factors of m.
2, 3, 5
Let d be 4702/10 - 2*(-2)/(-20). Let z = d - 114. List the prime factors of z.
2, 89
Let t = -86 + 197. Let a be t/(-2)*(-44)/33. Let z = a - 13. List the prime factors of z.
61
Let g be 124/(-20) - (-2)/20*2. Let b(u) = 2*u**3 + 6*u**2 + 14*u + 1. Let y be b(g). Let s = -205 - y. What are the prime factors of s?
2, 47
Let l(n) = 23*n**2 + 4*n + 16. Let f(o) = -44*o**2 - 7*o - 31. Let p(j) = 2*f(j) + 5*l(j). What are the prime factors of p(-4)?
2, 3, 71
Let t = 22 - 17. Suppose 3*k = -t*k + 3*k. Suppose -n = -4*i - 96, -5 = -i - k. What are the prime factors of n?
2, 29
Suppose 0 = x - 16*x - 11865. Let f = x + 1462. List the prime factors of f.
11, 61
Let t be (0 - -33)*(60 + -67). Suppose 4*s = 162 + 1382. Let o = t + s. What are the prime factors of o?
5, 31
Let p = 415 + 845. Let n = p + -825. Suppose -16*l = -19*l + n. List the prime factors of l.
5, 29
Suppose 7*t + 12*t = -71*t + 3504240. What are the prime factors of t?
2, 31, 157
Let m(d) = 3 - 7 + d**2 + 1 + 4*d. Let f(z) = z - 1. Let r(u) = -3*f(u) - m(u). What are the prime factors of r(-7)?
2, 3
Suppose -1672*j - 124506 = -1690*j. What are the prime factors of j?
6917
Let y(t) = -t + 15. Let x be y(-15). Let v = x + -52. Let d = 41 + v. List the prime factors of d.
19
Let n = -54 + 51. What are the prime factors of (-7 - 527)/n + (-1)/1?
3, 59
Let w be (20/(-50))/((-3)/11085). Suppose w = 4*j - 1174. List the prime factors of j.
3, 13, 17
Suppose -4*d + 3*t = -19 - 5, -d + 4*t + 6 = 0. Suppose -5*q - 9 = -3*g, -d = -3*g - 3*q + 3. Let u = 38 + g. What are the prime factors of u?
41
Suppose -2*j + 412 = -5*o, 0 = -0*j + 3*j + o - 601. Suppose 0 = y - 2*s - 338, 3*s = 49*y - 51*y + 690. Let v = y - j. List the prime factors of v.
3, 47
Let j = 77 + -134. Let w be (-19)/j - 10/(-6). Suppose -2*s + 5*f = s - 99, w*f + 146 = 5*s. List the prime factors of s.
2, 7
Let r be -131*(3 - 28/4). Let u = r + -320. Suppose 0 = 31*n - 29*n - u. What are the prime factors of n?
2, 3, 17
Let r be (-34)/(-12) - ((-1)/6)/1. Suppose -l = r*l + 5*w + 48, 3*w = 5*l + 23. What are the prime factors of l*(-7)/2*(1 + 1)?
7
Let a be (1/3)/((-3)/(-2439)). Let g = a + 152. List the prime factors of g.
3, 47
List the prime factors of (-3229*10/5)/(-5 - 66/(-14)).
7, 3229
Let z be ((-16)/6)/4 - 52/(-6). Let r(n) be the first derivative of 8*n**2 + 66*n - 55. List the prime factors of r(z).
2, 97
Let c be 29/9 - 9/(729/18). Suppose 0 = -c*u + 4*u + 5*o - 366, 0 = -2*u - 2*o + 700. List the prime factors of u.
2, 173
Suppose 3*v + 77049 = 5*d, d - v = 18302 - 2891. List the prime factors of d.
2, 3, 107
Suppose 5*y - 795 = 5*q, 0 = -q - 0*q + 2*y - 157. What are the prime factors of (-23)/q + (-286)/(-7)?
41
Suppose 7105456 = 263*n - 977849. List the prime factors of n.
3, 5, 683
Let k = 32 - 11. Let y = k - 22. List the prime factors of 86/3*(y + -2 - -6).
2, 43
Let s = 316 + 2770. List the prime factors of s.
2, 1543
Let v(w) = -67*w - 12. Suppose 0 = -29*j + 35*j + 18. What are the prime factors of v(j)?
3, 7
Let d be (-4)/14 + 3207/(-21). Let c = 695 + d. What are the prime factors of c?
2, 271
Suppose 5*j + 3*w = -456 - 28, w + 3 = 0. Let g = 250 - j. List the prime factors of g.
3, 5, 23
Let y(x) be the third derivative of x**5/20 - 17*x**4/24 - 13*x**3/6 + 81*x**2 + 2. What are the prime factors of y(-14)?
3, 271
Let b = 330 - 162. Let w = b - 89. List the prime factors of w.
79
Let m be ((-15)/4)/(15/(-60)). Suppose -m*l + 18*l = 855. What are the prime factors of l?
3, 5, 19
Let h = -510 - -1328. What are the prime factors of h?
2, 409
Suppose -7*j - 10290 = 3*j. Let h = j + 1476. List the prime factors of h.
3, 149
Let u = -43 + 40. Let j(y) = -82*y - 49. List the prime factors of j(u).
197
Let i be (-16)/(-8) + 0 + -16. List the prime factors of ((-161)/i - 6)/((-2)/(-364)).
7, 11, 13
Let d = -145 + 267. Suppose 2*i - d = 592. List the prime factors of i.
3, 7, 17
Suppose -56 = -7*g, 11817 = -5*n + 6*n + 2*g. List the prime factors of n.
11801
List the prime factors of -344*(-10 + (-90)/(-18)).
2, 5, 43
Let r(m) = m**2 + 12*m + 16. Let w be r(-11). Suppose 0 = -10*b + w*b + 95. Let s = b + 12. What are the prime factors of s?
31
Suppose 6*k = 2*a - 82180, 4*a - 6*k - 164437 = -5*k. List the prime factors of a.
7, 839
Suppose 24 = -3*j + 5*a, 5*a - 24 = 5*j + 26. List the prime factors of j*(-379)/6 - (-3)/(-18).
821
What are the prime factors of (-1946876)/(-237) - 4/6?
2, 3, 37
Let n = -13699 - -35990. List the prime factors of n.
22291
What are the prime factors of ((-4930)/(-3))/(1628/(-165) - -10)?
5, 17, 29
Let o(i) be the first derivative of 2*i**2 - 8*i - 28. Let c be o(2). Suppose -4*x + 4*r + 193 = r, c = -5*x + 3*r + 242. List the prime factors of x.
7
Suppose -62*l + 65*l - 6 = 0. Suppose -4*u + l*o = -2*o - 1024, -1256 = -5*u - 3*o. List the prime factors of u.
11, 23
Let x be 340/(-3) + 7*9/189. Let r = 73 + x. What are the prime factors of 30/(-3)*368/r?
2, 23
Suppose -34*j + 37*j - 15 = 0. Suppose -j*q = 847 - 3102. List the prime factors of q.
11, 41
Let p = -33213 + 38600. What are the prime factors of p?
5387
Suppose -73*i = 217*i - 1561663 - 4284447. What are the prime factors of i?
19, 1061
Suppose 61436 = 19*b - 116594. What are the prime factors of b?
2, 5, 937
Let o(w) = -w**3 + 10*w**2 - 13*w - 11. Let i be o(8). Suppose 9*m - i*m + 64 = 0. List the prime factors of m.
2
Suppose 9*z - 3206 = 16*z. Let m = 966 + z. What are the prime factors of m?
2, 127
Let t be (310/20)/(10/(-20)). Let j = 90 - 136. Let y = t - j. List the prime factors of y.
3, 5
Let g be (-4)/16 + (-33)/12. Let p be g*1*-2*(-3)/6. List the prime factors of 50 + -1 + (0 - 0) + p.
2, 23
List the prime factors of (-34304)/(-18) - (646/171 + -4).
2, 953
Suppose 3*i = n + 64398, i + 21436 = 2*i + 3*n. List the prime factors of i.
13, 127
Suppose -246 = c - 4*c - 5*a, -82 = -c + 5*a. Let j = c - 43. Suppose p - 5*y = 173, y + 232 = p + j. List the prime factors of p.
2, 3, 11
Let i(a) = 8*a - 46. Let y be i(6). Suppose y*l - 1234 = -3*o, -2*l - l - 1651 = -4*o. What are the prime factors of o?
2, 103
Suppose 4*a - 2497 = 3*m + 293, 3*m = -2*a + 1404. Let q = -171 + a. List the prime factors of q.
2, 3, 11
Let i(w) = -454*w + 16059. List the prime factors of i(0).
3, 53, 101
Suppose -3*x + 191 = y - 8*x, 4*y - 2*x - 728 = 0. Suppose 1581 = 7*g + y. What are the prime factors of g?
2, 5
Suppose -7*r + 3*r - 18 = -z, 21 = 4*z + r. Suppose -10 = -2*o - z. Suppose o*k + 2*i = 230, -362 = -2*k + 4*i - 108. List the prime factors of k.
7, 17
Let d(s) = 4*s**3 - 21*s**2 + 51*s - 159. What are the prime factors of d(14)?
5, 1483
Let j = -45368 + 84612. What are the prime factors of j?
2, 9811
Let q = 142 - 65. Suppose -4*m - 65 = -q. List the prime factors of 2 - (m - (-1 + 258)).
2
Let s(r) = -48*r - 52. Let k be s(3). Let c = 376 + k. List the prime factors of c.
2, 3, 5
Let w(c) = -3255*c - 2316. What are the prime factors of w(-11)?
3, 61
Let o(z) = -z**3 + 18*z**2 + 20*z + 32. Let g be 4/((-1)/5 - 12/(-10)). Suppose -g*t - 19 = -5*t. What are the prime factors of o(t)?
3, 17
Suppose 0 - 4 = 3*i - 4*b, 4*b = 16. Let d be (0/i)/3 - (0 - 18). Suppose 23*z - d*z = 660. What are the prime factors of z?
2, 3, 11
Let h(t) = 68*t**2 - 4*t - 18. Let k(f) = f**2 - 1. Let z(r) = -h(r) + 12*k(r). Let s be z(-5). What are the prime factors of s/(-49) + 2/14?
29
List the prime factors of (-366882)/(-705)*(-45)/(-2).
3, 1301
Let t be -2 - (-15)/(105/28). Suppose x = -3*y + 308, 6*x - t*y - 935 = 3*x. List the prime factors of x.
311
List the prime factors of (-1320528)/(-55) - ((-3)/(-9) + 165/(-225)).
2, 5, 7
Let c = -22 - -145. Suppose j - c - 317 = 0. Suppose -2*x = 3*x - j. List the prime factors of x.
2, 11
Let z(w) = 9*w**2 - 9*w - 62. Let l be z(-19). Suppose 5*d = 2*j - 1709, -3*j = -7*j - 2*d + l. List the prime factors of j.
2, 421
Let n be (-2)/4*-4 - 4. Let m be 18 + 1 + 0 + 